{"version":"1.0","provider_name":"Union Locale CGT Aubagne","provider_url":"https:\/\/ul-cgt-aubagne.fr","author_name":"admin","author_url":"https:\/\/ul-cgt-aubagne.fr\/index.php\/author\/admin\/","title":"Meeting CGT \u00e0 Gardanne - Union Locale CGT Aubagne","type":"rich","width":600,"height":338,"html":"<blockquote class=\"wp-embedded-content\" data-secret=\"vVo5AHr76c\"><a href=\"https:\/\/ul-cgt-aubagne.fr\/index.php\/2026\/01\/27\/meeting-cgt-a-gardanne\/\">Meeting CGT \u00e0 Gardanne<\/a><\/blockquote><iframe sandbox=\"allow-scripts\" security=\"restricted\" src=\"https:\/\/ul-cgt-aubagne.fr\/index.php\/2026\/01\/27\/meeting-cgt-a-gardanne\/embed\/#?secret=vVo5AHr76c\" width=\"600\" height=\"338\" title=\"\u00ab\u00a0Meeting CGT \u00e0 Gardanne\u00a0\u00bb &#8212; Union Locale CGT Aubagne\" data-secret=\"vVo5AHr76c\" frameborder=\"0\" marginwidth=\"0\" marginheight=\"0\" scrolling=\"no\" class=\"wp-embedded-content\"><\/iframe><script>\n\/*! This file is auto-generated *\/\n!function(d,l){\"use strict\";l.querySelector&&d.addEventListener&&\"undefined\"!=typeof URL&&(d.wp=d.wp||{},d.wp.receiveEmbedMessage||(d.wp.receiveEmbedMessage=function(e){var t=e.data;if((t||t.secret||t.message||t.value)&&!\/[^a-zA-Z0-9]\/.test(t.secret)){for(var s,r,n,a=l.querySelectorAll('iframe[data-secret=\"'+t.secret+'\"]'),o=l.querySelectorAll('blockquote[data-secret=\"'+t.secret+'\"]'),c=new RegExp(\"^https?:$\",\"i\"),i=0;i<o.length;i++)o[i].style.display=\"none\";for(i=0;i<a.length;i++)s=a[i],e.source===s.contentWindow&&(s.removeAttribute(\"style\"),\"height\"===t.message?(1e3<(r=parseInt(t.value,10))?r=1e3:~~r<200&&(r=200),s.height=r):\"link\"===t.message&&(r=new URL(s.getAttribute(\"src\")),n=new URL(t.value),c.test(n.protocol))&&n.host===r.host&&l.activeElement===s&&(d.top.location.href=t.value))}},d.addEventListener(\"message\",d.wp.receiveEmbedMessage,!1),l.addEventListener(\"DOMContentLoaded\",function(){for(var e,t,s=l.querySelectorAll(\"iframe.wp-embedded-content\"),r=0;r<s.length;r++)(t=(e=s[r]).getAttribute(\"data-secret\"))||(t=Math.random().toString(36).substring(2,12),e.src+=\"#?secret=\"+t,e.setAttribute(\"data-secret\",t)),e.contentWindow.postMessage({message:\"ready\",secret:t},\"*\")},!1)))}(window,document);\n\/\/# sourceURL=https:\/\/ul-cgt-aubagne.fr\/wp-includes\/js\/wp-embed.min.js\n<\/script>\n","thumbnail_url":"https:\/\/ul-cgt-aubagne.fr\/wp-content\/uploads\/2026\/01\/image-724x1024.png","thumbnail_width":724,"thumbnail_height":1024,"description":"Meeting de la CGT le 13 f\u00e9vrier 2026 \u00e0 11h \u00e0 la Centrale de Gardanne avec la pr\u00e9sence des f\u00e9d\u00e9rations FNME et Ports et Docks ainsi que de la Secr\u00e9taire G\u00e9n\u00e9rale de la CGT, Sophie Binet."}

Meeting CGT à Gardanne - Union Locale CGT Aubagne

<blockquote class="wp-embedded-content" data-secret="vVo5AHr76c"><a href="https://ul-cgt-aubagne.fr/index.php/2026/01/27/meeting-cgt-a-gardanne/">Meeting CGT à Gardanne</a></blockquote><iframe sandbox="allow-scripts" security="restricted" src="https://ul-cgt-aubagne.fr/index.php/2026/01/27/meeting-cgt-a-gardanne/embed/#?secret=vVo5AHr76c" width="600" height="338" title="« Meeting CGT à Gardanne » &#8212; Union Locale CGT Aubagne" data-secret="vVo5AHr76c" frameborder="0" marginwidth="0" marginheight="0" scrolling="no" class="wp-embedded-content"></iframe><script>
/*! This file is auto-generated */
!function(d,l){"use strict";l.querySelector&&d.addEventListener&&"undefined"!=typeof URL&&(d.wp=d.wp||{},d.wp.receiveEmbedMessage||(d.wp.receiveEmbedMessage=function(e){var t=e.data;if((t||t.secret||t.message||t.value)&&!/[^a-zA-Z0-9]/.test(t.secret)){for(var s,r,n,a=l.querySelectorAll('iframe[data-secret="'+t.secret+'"]'),o=l.querySelectorAll('blockquote[data-secret="'+t.secret+'"]'),c=new RegExp("^https?:$","i"),i=0;i<o.length;i++)o[i].style.display="none";for(i=0;i<a.length;i++)s=a[i],e.source===s.contentWindow&&(s.removeAttribute("style"),"height"===t.message?(1e3<(r=parseInt(t.value,10))?r=1e3:~~r<200&&(r=200),s.height=r):"link"===t.message&&(r=new URL(s.getAttribute("src")),n=new URL(t.value),c.test(n.protocol))&&n.host===r.host&&l.activeElement===s&&(d.top.location.href=t.value))}},d.addEventListener("message",d.wp.receiveEmbedMessage,!1),l.addEventListener("DOMContentLoaded",function(){for(var e,t,s=l.querySelectorAll("iframe.wp-embedded-content"),r=0;r<s.length;r++)(t=(e=s[r]).getAttribute("data-secret"))||(t=Math.random().toString(36).substring(2,12),e.src+="#?secret="+t,e.setAttribute("data-secret",t)),e.contentWindow.postMessage({message:"ready",secret:t},"*")},!1)))}(window,document);
//# sourceURL=https://ul-cgt-aubagne.fr/wp-includes/js/wp-embed.min.js
</script>

Meeting de la CGT le 13 février 2026 à 11h à la Centrale de Gardanne avec la présence des fédérations FNME et Ports et Docks ainsi que de la Secrétaire Générale de la CGT, Sophie Binet.
